{"id":150,"date":"2018-08-28T17:30:35","date_gmt":"2018-08-28T17:30:35","guid":{"rendered":"https:\/\/adqisa.com.mx\/site\/?post_type=product&#038;p=150"},"modified":"2018-12-19T21:44:25","modified_gmt":"2018-12-19T21:44:25","slug":"saxxon-vo1000a-arco-detector-de-metal-para-exteriores-6-zonas-ip65-alarma-visual-y-audible","status":"publish","type":"product","link":"https:\/\/adqisa.com.mx\/site\/product\/saxxon-vo1000a-arco-detector-de-metal-para-exteriores-6-zonas-ip65-alarma-visual-y-audible\/","title":{"rendered":"SAXXON VO1000A- Arco metal para exteriores"},"content":{"rendered":"<p>1. El producto se compone de tres partes: Poste izquierdo, poste derecho y unidad central de detecci\u00f3n.<\/p>\n<p>2. Este producto es una versi\u00f3n actualizada del modelo VO-1000, con alta sensibilidad y m\u00faltiples \u00e1reas de detecci\u00f3n; hay 6 zonas de detecci\u00f3n, cada una de sus \u00e1reas detecta de manera uniforme sobre la derecha o izquierda, tambi\u00e9n desde su parte superior a la inferior.<\/p>\n<p>3. En ambos lados est\u00e1n incorporados luces LED que indican la detecci\u00f3n de alg\u00fan metal en el arco.<\/p>\n<p>4. Como se indica en la imagen, el bastidor principal en sus columnas izquierda y derecha de detecci\u00f3n, est\u00e1 formado por un molde unificado y cada una de las partes se encuentran dise\u00f1ados a prueba de agua, todo esto hace que el producto llegue a los m\u00e1s altos est\u00e1ndares de protecci\u00f3n a prueba de agua y fuga de energ\u00eda; haciendo que funcione correctamente, incluso si todo el dispositivo se cubre completamente de agua.<\/p>\n<p>5. La estructura es de un dise\u00f1o exquisito, con un peso ligero y un soporte s\u00f3lido; Por lo tanto, el producto se puede montar, desmontar o mover f\u00e1cilmente.<\/p>\n<p>6. Con un dise\u00f1o \u00fanico de circuitos integrados y funci\u00f3n anti-interferencias y libre de errores en sus registros.<\/p>\n<p>7. Tiene la funci\u00f3n de protecci\u00f3n por contrase\u00f1a para evitar cualquier cambio hostil de los par\u00e1metros por parte de personal no autorizado.<\/p>\n<p>8. Tiene la funci\u00f3n de &#8220;Recuperar par\u00e1metros sistem\u00e1ticos por una sola tecla&#8221;; cuando usted hace algunas operaciones err\u00f3neas, es posible recuperar todos los ajustes grabados de trabajo con s\u00f3lo una tecla.<\/p>\n<p>9. Tiene la funci\u00f3n para ajustar los tonos de audio, adapt\u00e1ndolos a los diferentes entornos de uso.<\/p>\n<p>10. La informaci\u00f3n se muestra en el panel frontal, por ejemplo, n\u00famero de personas que pasa, los tiempos de alarma, intensidad de la se\u00f1al, etc.<\/p>\n<p>11. Cada una de sus zonas de detecci\u00f3n se puede ajustar en su sensibilidad de manera independiente, se puede ajustar en un rango de 100 niveles; Por lo tanto, se puede satisfacer la demanda del cliente para rechazar los art\u00edculos, por ejemplo, hebilla del cintur\u00f3n, oro o plata, joyas, etc.<\/p>\n<p>12. El producto no causa ning\u00fan da\u00f1o al marcapasos cardiaco en un cuerpo humano, aud\u00edfonos, mujeres embarazadas, Discos compactos, etc.<\/p>\n<p>Usos: Aeropuertos, aduanas, f\u00e1brica de electr\u00f3nica, gimnasio, Tribunal de Justicia, prisi\u00f3n, club nocturno, etc.<\/p>\n<p>Funciones y caracter\u00edsticas:<\/p>\n<p>Dimensiones exteriores : 2.230 mm * 940 mm * 270 mm<br \/>\nMedidas de paso del producto: 2000 mm * 700 mm * 270 mm<br \/>\nPeso de la m\u00e1quina host: 32 Kg<br \/>\nEnerg\u00eda de trabajo : 30 W<br \/>\nEnerg\u00eda de trabajo : AC : 110V<br \/>\nAmbiente de trabajo : -20\u00b0C &#8211; +65\u00b0C<br \/>\nDise\u00f1o cil\u00edndrico y atractivo<br \/>\nSensibilidad 0-99 , 100 niveles ajustables totales.<br \/>\nPantalla LED en ambos lados<br \/>\nDSP y controlado por microprocesador<br \/>\nSonido y alarma de luz LED<\/p>\n","protected":false},"excerpt":{"rendered":"<p>ARCO DETECTOR DE METAL PARA EXTERIORES \/ 6 ZONAS \/ IP65 \/ ALARMA VISUAL Y AUDIBLE<\/p>\n[fusion_button link=\"\" title=\"Cont\u00e1ctenos sin compromiso\" target=\"_self\" link_attributes=\"\" alignment=\"center\" modal=\"contacto\" hide_on_mobile=\"small-visibility,medium-visibility,large-visibility\" class=\"\" id=\"\" color=\"default\" button_gradient_top_color=\"\" button_gradient_bottom_color=\"\" button_gradient_top_color_hover=\"\" button_gradient_bottom_color_hover=\"\" accent_color=\"\" accent_hover_color=\"\" type=\"\" bevel_color=\"\" border_width=\"\" size=\"large\" stretch=\"default\" shape=\"pill\" icon=\"fa-info-circle\" icon_position=\"left\" icon_divider=\"no\" animation_type=\"\" animation_direction=\"left\" animation_speed=\"0.3\" animation_offset=\"\"]Solicitar Informaci\u00f3n [\/fusion_button]\n<p>&nbsp;<\/p>\n<div class=\"fb-like\" data-href=\"https:\/\/www.facebook.com\/adqisamx\/\" data-layout=\"button\" data-action=\"like\" data-size=\"large\" data-show-faces=\"true\" data-share=\"true\"><\/div>\n<p>&nbsp;<\/p>\n[fusion_modal name=\"contacto\" title=\"Cont\u00e1ctenos sin compromiso\" size=\"medium\" background=\"\" border_color=\"\" show_footer=\"yes\" class=\"\" id=\"\"]<\/p>\n<p>[contact-form-7 id=\"6\" title=\"Contacto\"]<\/p>\n<p>[\/fusion_modal]\n","protected":false},"featured_media":208,"comment_status":"closed","ping_status":"closed","template":"","meta":[],"class_list":{"0":"post-150","1":"product","2":"type-product","3":"status-publish","4":"has-post-thumbnail","6":"product_cat-de-arco","7":"product-grid-view","9":"first","10":"instock","11":"shipping-taxable","12":"product-type-simple"},"_links":{"self":[{"href":"https:\/\/adqisa.com.mx\/site\/wp-json\/wp\/v2\/product\/150","targetHints":{"allow":["GET"]}}],"collection":[{"href":"https:\/\/adqisa.com.mx\/site\/wp-json\/wp\/v2\/product"}],"about":[{"href":"https:\/\/adqisa.com.mx\/site\/wp-json\/wp\/v2\/types\/product"}],"replies":[{"embeddable":true,"href":"https:\/\/adqisa.com.mx\/site\/wp-json\/wp\/v2\/comments?post=150"}],"wp:featuredmedia":[{"embeddable":true,"href":"https:\/\/adqisa.com.mx\/site\/wp-json\/wp\/v2\/media\/208"}],"wp:attachment":[{"href":"https:\/\/adqisa.com.mx\/site\/wp-json\/wp\/v2\/media?parent=150"}],"curies":[{"name":"wp","href":"https:\/\/api.w.org\/{rel}","templated":true}]}}