{"id":255,"date":"2018-09-10T22:08:52","date_gmt":"2018-09-10T22:08:52","guid":{"rendered":"https:\/\/adqisa.com.mx\/site\/?post_type=product&#038;p=255"},"modified":"2018-12-19T22:25:48","modified_gmt":"2018-12-19T22:25:48","slug":"grillon-hook-version-europea","status":"publish","type":"product","link":"https:\/\/adqisa.com.mx\/site\/product\/grillon-hook-version-europea\/","title":{"rendered":"GRILLON HOOK versi\u00f3n europea"},"content":{"rendered":"<p><strong>Elemento de amarre regulable de sujeci\u00f3n con conector HOOK<\/strong><\/p>\n<p>El elemento de amarre regulable GRILLON HOOK se utiliza para realizar sistemas de sujeci\u00f3n como complemento de un dispositivo anticaidas. Permite ajustar con precisi\u00f3n y con gran facilidad la longitud necesaria, en funci\u00f3n de las caracter\u00edsticas del lugar de trabajo, para posicionarse\u00a0 confortablemente. Su conector HOOK es id\u00f3neo para utilizarlo en doble conectado a los puntos de enganche laterales del arn\u00e9s. El GRILLON HOOK versi\u00f3n europea est\u00e1 disponible en cuatro longitudes (2, 3, 4 y 5 m) y est\u00e1 certificado seg\u00fan las normas europeas y rusas.<\/p>\n","protected":false},"excerpt":{"rendered":"<p>Los elementos de amarre de sujeci\u00f3n permiten al usuario posicionarse con precisi\u00f3n en su puesto de trabajo, con los pies apoyados en la estructura. Pueden adaptarse a diferentes configuraciones de anclaje.<\/p>\n<p>Los elementos de amarre GRILLON HOOK est\u00e1n equipados con un conector HOOK con bloqueo de seguridad autom\u00e1tico, id\u00f3neos para conectarse a los puntos de enganche laterales del arn\u00e9s.<\/p>\n[fusion_button link=\"\" title=\"Cont\u00e1ctenos sin compromiso\" target=\"_self\" link_attributes=\"\" alignment=\"center\" modal=\"contacto\" hide_on_mobile=\"small-visibility,medium-visibility,large-visibility\" class=\"\" id=\"\" color=\"default\" button_gradient_top_color=\"\" button_gradient_bottom_color=\"\" button_gradient_top_color_hover=\"\" button_gradient_bottom_color_hover=\"\" accent_color=\"\" accent_hover_color=\"\" type=\"\" bevel_color=\"\" border_width=\"\" size=\"large\" stretch=\"default\" shape=\"pill\" icon=\"fa-info-circle\" icon_position=\"left\" icon_divider=\"no\" animation_type=\"\" animation_direction=\"left\" animation_speed=\"0.3\" animation_offset=\"\"]Solicitar Informaci\u00f3n [\/fusion_button]\n<p>&nbsp;<\/p>\n<div class=\"fb-like\" data-href=\"https:\/\/www.facebook.com\/adqisamx\/\" data-layout=\"button\" data-action=\"like\" data-size=\"large\" data-show-faces=\"true\" data-share=\"true\"><\/div>\n<p>&nbsp;<\/p>\n[fusion_modal name=\"contacto\" title=\"Cont\u00e1ctenos sin compromiso\" size=\"medium\" background=\"\" border_color=\"\" show_footer=\"yes\" class=\"\" id=\"\"]<\/p>\n<p>[contact-form-7 id=\"6\" title=\"Contacto\"]<\/p>\n<p>[\/fusion_modal]\n","protected":false},"featured_media":258,"comment_status":"open","ping_status":"closed","template":"","meta":[],"class_list":{"0":"post-255","1":"product","2":"type-product","3":"status-publish","4":"has-post-thumbnail","6":"product_cat-elementos-de-amarre-y-absorbedores-de-energia","7":"product-grid-view","9":"first","10":"instock","11":"shipping-taxable","12":"product-type-simple"},"_links":{"self":[{"href":"https:\/\/adqisa.com.mx\/site\/wp-json\/wp\/v2\/product\/255","targetHints":{"allow":["GET"]}}],"collection":[{"href":"https:\/\/adqisa.com.mx\/site\/wp-json\/wp\/v2\/product"}],"about":[{"href":"https:\/\/adqisa.com.mx\/site\/wp-json\/wp\/v2\/types\/product"}],"replies":[{"embeddable":true,"href":"https:\/\/adqisa.com.mx\/site\/wp-json\/wp\/v2\/comments?post=255"}],"wp:featuredmedia":[{"embeddable":true,"href":"https:\/\/adqisa.com.mx\/site\/wp-json\/wp\/v2\/media\/258"}],"wp:attachment":[{"href":"https:\/\/adqisa.com.mx\/site\/wp-json\/wp\/v2\/media?parent=255"}],"curies":[{"name":"wp","href":"https:\/\/api.w.org\/{rel}","templated":true}]}}