{"id":261,"date":"2018-09-10T22:37:04","date_gmt":"2018-09-10T22:37:04","guid":{"rendered":"https:\/\/adqisa.com.mx\/site\/?post_type=product&#038;p=261"},"modified":"2018-12-19T22:26:07","modified_gmt":"2018-12-19T22:26:07","slug":"grillon-hook-mgo-open-60","status":"publish","type":"product","link":"https:\/\/adqisa.com.mx\/site\/product\/grillon-hook-mgo-open-60\/","title":{"rendered":"GRILLON MGO OPEN 60"},"content":{"rendered":"<p><strong>GRILLON<\/strong><br \/>\nElemento de amarre regulable de sujeci\u00f3n<\/p>\n<p><strong>MGO OPEN 60<\/strong><br \/>\nConector direccional de gran abertura y de bloqueo autom\u00e1tico, con punto de conexi\u00f3n con cierre El MGO OPEN 60 es un conector direccional de gran abertura y de bloqueo autom\u00e1tico dise\u00f1ado para conectarlo a estructuras met\u00e1licas, a cables y a barrotes de gran di\u00e1metro. Tiene un punto de conexi\u00f3n con cierre para combinarse con diferentes tipos de elementos de amarre. En caso de deterioro del elemento de amarre, \u00e9ste se puede reutilizar.<\/p>\n","protected":false},"excerpt":{"rendered":"<p>Los elementos de amarre de sujeci\u00f3n permiten al usuario posicionarse con precisi\u00f3n en su puesto de trabajo, con los pies apoyados en la estructura. Pueden adaptarse a diferentes configuraciones de anclaje.<\/p>\n<p>Los elementos de amarre GRILLON,\u00a0 combinados con un conector MGO con bloqueo\u00a0de seguridad autom\u00e1tico, son id\u00f3neos para\u00a0conectarse a estructuras met\u00e1licas o a cables\u00a0\u00a0y barrotes de gran di\u00e1metro.<\/p>\n[fusion_button link=\"\" title=\"Cont\u00e1ctenos sin compromiso\" target=\"_self\" link_attributes=\"\" alignment=\"center\" modal=\"contacto\" hide_on_mobile=\"small-visibility,medium-visibility,large-visibility\" class=\"\" id=\"\" color=\"default\" button_gradient_top_color=\"\" button_gradient_bottom_color=\"\" button_gradient_top_color_hover=\"\" button_gradient_bottom_color_hover=\"\" accent_color=\"\" accent_hover_color=\"\" type=\"\" bevel_color=\"\" border_width=\"\" size=\"large\" stretch=\"default\" shape=\"pill\" icon=\"fa-info-circle\" icon_position=\"left\" icon_divider=\"no\" animation_type=\"\" animation_direction=\"left\" animation_speed=\"0.3\" animation_offset=\"\"]Solicitar Informaci\u00f3n [\/fusion_button]\n<p>&nbsp;<\/p>\n<div class=\"fb-like\" data-href=\"https:\/\/www.facebook.com\/adqisamx\/\" data-layout=\"button\" data-action=\"like\" data-size=\"large\" data-show-faces=\"true\" data-share=\"true\"><\/div>\n<p>&nbsp;<\/p>\n[fusion_modal name=\"contacto\" title=\"Cont\u00e1ctenos sin compromiso\" size=\"medium\" background=\"\" border_color=\"\" show_footer=\"yes\" class=\"\" id=\"\"]<\/p>\n<p>[contact-form-7 id=\"6\" title=\"Contacto\"]<\/p>\n<p>[\/fusion_modal]\n","protected":false},"featured_media":262,"comment_status":"open","ping_status":"closed","template":"","meta":[],"class_list":{"0":"post-261","1":"product","2":"type-product","3":"status-publish","4":"has-post-thumbnail","6":"product_cat-elementos-de-amarre-y-absorbedores-de-energia","7":"product-grid-view","9":"first","10":"instock","11":"shipping-taxable","12":"product-type-simple"},"_links":{"self":[{"href":"https:\/\/adqisa.com.mx\/site\/wp-json\/wp\/v2\/product\/261","targetHints":{"allow":["GET"]}}],"collection":[{"href":"https:\/\/adqisa.com.mx\/site\/wp-json\/wp\/v2\/product"}],"about":[{"href":"https:\/\/adqisa.com.mx\/site\/wp-json\/wp\/v2\/types\/product"}],"replies":[{"embeddable":true,"href":"https:\/\/adqisa.com.mx\/site\/wp-json\/wp\/v2\/comments?post=261"}],"wp:featuredmedia":[{"embeddable":true,"href":"https:\/\/adqisa.com.mx\/site\/wp-json\/wp\/v2\/media\/262"}],"wp:attachment":[{"href":"https:\/\/adqisa.com.mx\/site\/wp-json\/wp\/v2\/media?parent=261"}],"curies":[{"name":"wp","href":"https:\/\/api.w.org\/{rel}","templated":true}]}}