{"id":297,"date":"2018-09-11T22:34:23","date_gmt":"2018-09-11T22:34:23","guid":{"rendered":"https:\/\/adqisa.com.mx\/site\/?post_type=product&#038;p=297"},"modified":"2018-12-19T22:33:56","modified_gmt":"2018-12-19T22:33:56","slug":"polea-de-alto-rendimiento-pro","status":"publish","type":"product","link":"https:\/\/adqisa.com.mx\/site\/product\/polea-de-alto-rendimiento-pro\/","title":{"rendered":"Polea de alto rendimiento PRO"},"content":{"rendered":"<p><strong>PRO<\/strong><br \/>\n<strong>Polea imperdible de alt\u00edsimo rendimiento<\/strong><\/p>\n<p>La polea PRO, que se puede abrir incluso cuando est\u00e1 fijada al anclaje, est\u00e1 dise\u00f1ada para simplificar al m\u00e1ximo la instalaci\u00f3n de sistemas de izado o de desviaci\u00f3n de cargas. La placa lateral bloqueada bajo carga, la roldana de gran di\u00e1metro y el rodamiento de bolas para conseguir un alt\u00edsimo rendimiento la convierten en una polea especialmente adecuada para la manipulaci\u00f3n de cargas pesadas.<\/p>\n","protected":false},"excerpt":{"rendered":"<p>Dos factores determinan el rendimiento de una polea:<br \/>\n\u2022 La medida de la roldana: cuanto mayor es el di\u00e1metro de la roldana, mejor es el rendimiento.<br \/>\n\u2022 El soporte de la roldana:<br \/>\n&#8211; Los cojinetes autolubricantes aseguran un buen rendimiento, pero regularmente necesitan mantenimiento.<br \/>\n&#8211; Los rodamientos de bolas estancos garantizan un excelente rendimiento y no necesitan mantenimiento.<\/p>\n<p>Poleas de alto rendimiento<br \/>\nPoleas polivalentes de alto rendimiento adecuadas para una utilizaci\u00f3n intensiva.<\/p>\n[fusion_button link=\"\" title=\"Cont\u00e1ctenos sin compromiso\" target=\"_self\" link_attributes=\"\" alignment=\"center\" modal=\"contacto\" hide_on_mobile=\"small-visibility,medium-visibility,large-visibility\" class=\"\" id=\"\" color=\"default\" button_gradient_top_color=\"\" button_gradient_bottom_color=\"\" button_gradient_top_color_hover=\"\" button_gradient_bottom_color_hover=\"\" accent_color=\"\" accent_hover_color=\"\" type=\"\" bevel_color=\"\" border_width=\"\" size=\"large\" stretch=\"default\" shape=\"pill\" icon=\"fa-info-circle\" icon_position=\"left\" icon_divider=\"no\" animation_type=\"\" animation_direction=\"left\" animation_speed=\"0.3\" animation_offset=\"\"]Solicitar Informaci\u00f3n [\/fusion_button]\n<p>&nbsp;<\/p>\n<div class=\"fb-like\" data-href=\"https:\/\/www.facebook.com\/adqisamx\/\" data-layout=\"button\" data-action=\"like\" data-size=\"large\" data-show-faces=\"true\" data-share=\"true\"><\/div>\n<p>&nbsp;<\/p>\n[fusion_modal name=\"contacto\" title=\"Cont\u00e1ctenos sin compromiso\" size=\"medium\" background=\"\" border_color=\"\" show_footer=\"yes\" class=\"\" id=\"\"]<\/p>\n<p>[contact-form-7 id=\"6\" title=\"Contacto\"]<\/p>\n<p>[\/fusion_modal]\n","protected":false},"featured_media":298,"comment_status":"open","ping_status":"closed","template":"","meta":[],"class_list":{"0":"post-297","1":"product","2":"type-product","3":"status-publish","4":"has-post-thumbnail","6":"product_cat-poleas","7":"product-grid-view","9":"first","10":"instock","11":"shipping-taxable","12":"product-type-simple"},"_links":{"self":[{"href":"https:\/\/adqisa.com.mx\/site\/wp-json\/wp\/v2\/product\/297","targetHints":{"allow":["GET"]}}],"collection":[{"href":"https:\/\/adqisa.com.mx\/site\/wp-json\/wp\/v2\/product"}],"about":[{"href":"https:\/\/adqisa.com.mx\/site\/wp-json\/wp\/v2\/types\/product"}],"replies":[{"embeddable":true,"href":"https:\/\/adqisa.com.mx\/site\/wp-json\/wp\/v2\/comments?post=297"}],"wp:featuredmedia":[{"embeddable":true,"href":"https:\/\/adqisa.com.mx\/site\/wp-json\/wp\/v2\/media\/298"}],"wp:attachment":[{"href":"https:\/\/adqisa.com.mx\/site\/wp-json\/wp\/v2\/media?parent=297"}],"curies":[{"name":"wp","href":"https:\/\/api.w.org\/{rel}","templated":true}]}}