{"id":660,"date":"2019-09-02T20:06:17","date_gmt":"2019-09-02T20:06:17","guid":{"rendered":"https:\/\/adqisa.com.mx\/site\/?post_type=product&#038;p=660"},"modified":"2019-09-17T02:35:10","modified_gmt":"2019-09-17T02:35:10","slug":"globo-de-ilumincacion-sirocco-led-60w","status":"publish","type":"product","link":"https:\/\/adqisa.com.mx\/site\/product\/globo-de-ilumincacion-sirocco-led-60w\/","title":{"rendered":"Globo de Ilumincaci\u00f3n Sirocco LED 60W"},"content":{"rendered":"<p><img loading=\"lazy\" decoding=\"async\" class=\"alignnone size-full wp-image-658\" src=\"https:\/\/adqisa.com.mx\/site\/wp-content\/uploads\/2019\/09\/como-entender-rango-12-m.jpg\" alt=\"\" width=\"394\" height=\"301\" srcset=\"https:\/\/adqisa.com.mx\/site\/wp-content\/uploads\/2019\/09\/como-entender-rango-12-m-200x153.jpg 200w, https:\/\/adqisa.com.mx\/site\/wp-content\/uploads\/2019\/09\/como-entender-rango-12-m-300x229.jpg 300w, https:\/\/adqisa.com.mx\/site\/wp-content\/uploads\/2019\/09\/como-entender-rango-12-m.jpg 394w\" sizes=\"auto, (max-width: 394px) 100vw, 394px\" \/><img loading=\"lazy\" decoding=\"async\" class=\"alignnone size-400 wp-image-662\" src=\"https:\/\/adqisa.com.mx\/site\/wp-content\/uploads\/2019\/09\/adqisa-sirocco-LED-60W-version-pro-pack-400x400.jpg\" alt=\"\" width=\"400\" height=\"400\" srcset=\"https:\/\/adqisa.com.mx\/site\/wp-content\/uploads\/2019\/09\/adqisa-sirocco-LED-60W-version-pro-pack-66x66.jpg 66w, https:\/\/adqisa.com.mx\/site\/wp-content\/uploads\/2019\/09\/adqisa-sirocco-LED-60W-version-pro-pack-100x100.jpg 100w, https:\/\/adqisa.com.mx\/site\/wp-content\/uploads\/2019\/09\/adqisa-sirocco-LED-60W-version-pro-pack-150x150.jpg 150w, https:\/\/adqisa.com.mx\/site\/wp-content\/uploads\/2019\/09\/adqisa-sirocco-LED-60W-version-pro-pack-200x200.jpg 200w, https:\/\/adqisa.com.mx\/site\/wp-content\/uploads\/2019\/09\/adqisa-sirocco-LED-60W-version-pro-pack-300x300.jpg 300w, https:\/\/adqisa.com.mx\/site\/wp-content\/uploads\/2019\/09\/adqisa-sirocco-LED-60W-version-pro-pack-400x400.jpg 400w, https:\/\/adqisa.com.mx\/site\/wp-content\/uploads\/2019\/09\/adqisa-sirocco-LED-60W-version-pro-pack-600x600.jpg 600w, https:\/\/adqisa.com.mx\/site\/wp-content\/uploads\/2019\/09\/adqisa-sirocco-LED-60W-version-pro-pack-768x768.jpg 768w, https:\/\/adqisa.com.mx\/site\/wp-content\/uploads\/2019\/09\/adqisa-sirocco-LED-60W-version-pro-pack.jpg 800w\" sizes=\"auto, (max-width: 400px) 100vw, 400px\" \/><\/p>\n<p><strong>Caracter\u00edsticas t\u00e9cnicas:<\/strong><br \/>\nL\u00e1mparas:\u00a0 \u00a06 x 10 W LED<br \/>\nVida media de las l\u00e1mparas:* 40 000 h<br \/>\nEficiencia: 100 lm\/W<br \/>\nTipo de enchufe \/ COB: 6 paneles de LED (accionado por 2 conductores)<br \/>\nPotencia m\u00e1xima: 60 W<br \/>\nTensi\u00f3n: 48 V DC<br \/>\nGraduable: 100% \/ 66% \/ 33% \/ Modo destello<br \/>\nUtilizaci\u00f3n en una sola carga: 8h \/ 12h \/ 16h \/ 24h<br \/>\nTiempo de reencendido: inmediato<br \/>\nFuente de alimentaci\u00f3n: bater\u00eda 13 Ah &#8211; litio 48 V<br \/>\nOpciones de telas: diversos colores, sin reflector o con reflector inverso<\/p>\n<p>* En condiciones normales de uso<\/p>\n<p><strong>Seguridad<\/strong><br \/>\nFuente de alimentaci\u00f3n de baja tensi\u00f3n de seguridad (&lt; 60 V DC): 48 V<br \/>\nTejido tratado para retrasar la combusti\u00f3n<br \/>\nReflector integrado para definir la zona que se va a iluminar y para evitar la contaminaci\u00f3n lum\u00ednica<br \/>\nMaterial resistente a la lluvia y al polvo: IP54<br \/>\nResistencia al viento del globo: 80 km\/h<\/p>\n","protected":false},"excerpt":{"rendered":"<p><em><strong>&gt; Un globo de iluminaci\u00f3n LED aut\u00f3nomo, perfecto para las operaciones m\u00f3viles<\/strong><\/em><\/p>\n<p>Requisitos de iluminaci\u00f3n &#8211; Alumbrado de emergencia (norma EN 1838): 480 m\u00b2<br \/>\nRequisitos de iluminaci\u00f3n para lugares de trabajo en exteriores, que satisfacen las necesidades de seguridad (norma EN 12464-2): 100 m\u00b2<br \/>\nIluminaci\u00f3n debajo del globo (instalado a 2,5 m de altura): 100 lx<br \/>\nLuz m\u00e1xima: 6 150 lm<br \/>\nTemperatura de color: neutra: 4 750 K<\/p>\n[fusion_button link=\"\" title=\"Cont\u00e1ctenos sin compromiso\" target=\"_self\" link_attributes=\"\" alignment=\"center\" modal=\"contacto\" hide_on_mobile=\"small-visibility,medium-visibility,large-visibility\" class=\"\" id=\"\" color=\"default\" button_gradient_top_color=\"\" button_gradient_bottom_color=\"\" button_gradient_top_color_hover=\"\" button_gradient_bottom_color_hover=\"\" accent_color=\"\" accent_hover_color=\"\" type=\"\" bevel_color=\"\" border_width=\"\" size=\"large\" stretch=\"default\" shape=\"pill\" icon=\"fa-info-circle\" icon_position=\"left\" icon_divider=\"no\" animation_type=\"\" animation_direction=\"left\" animation_speed=\"0.3\" animation_offset=\"\"]Solicitar Informaci\u00f3n [\/fusion_button]\n<p>&nbsp;<\/p>\n<div class=\"fb-like\" data-href=\"https:\/\/www.facebook.com\/adqisamx\/\" data-layout=\"button\" data-action=\"like\" data-size=\"large\" data-show-faces=\"true\" data-share=\"true\"><\/div>\n<p>&nbsp;<\/p>\n[fusion_modal name=\"contacto\" title=\"Cont\u00e1ctenos sin compromiso\" size=\"medium\" background=\"\" border_color=\"\" show_footer=\"yes\" class=\"\" id=\"\"]<\/p>\n<p>[contact-form-7 id=\"6\" title=\"Contacto\"]<\/p>\n<p>[\/fusion_modal]\n","protected":false},"featured_media":661,"comment_status":"open","ping_status":"closed","template":"","meta":[],"class_list":{"0":"post-660","1":"product","2":"type-product","3":"status-publish","4":"has-post-thumbnail","6":"product_cat-globos-de-iluminacion-industrial-rescate-mexico","7":"product-grid-view","9":"first","10":"instock","11":"shipping-taxable","12":"product-type-simple"},"_links":{"self":[{"href":"https:\/\/adqisa.com.mx\/site\/wp-json\/wp\/v2\/product\/660","targetHints":{"allow":["GET"]}}],"collection":[{"href":"https:\/\/adqisa.com.mx\/site\/wp-json\/wp\/v2\/product"}],"about":[{"href":"https:\/\/adqisa.com.mx\/site\/wp-json\/wp\/v2\/types\/product"}],"replies":[{"embeddable":true,"href":"https:\/\/adqisa.com.mx\/site\/wp-json\/wp\/v2\/comments?post=660"}],"wp:featuredmedia":[{"embeddable":true,"href":"https:\/\/adqisa.com.mx\/site\/wp-json\/wp\/v2\/media\/661"}],"wp:attachment":[{"href":"https:\/\/adqisa.com.mx\/site\/wp-json\/wp\/v2\/media?parent=660"}],"curies":[{"name":"wp","href":"https:\/\/api.w.org\/{rel}","templated":true}]}}